 d is divided by m.
7
Let g(x) = 9*x - 4*x + 0 + 1 - 8. What is the remainder when g(8) is divided by 18?
15
Let i = -202 - -305. Calculate the remainder when i is divided by 35.
33
Let j = -2 - -27. What is the remainder when j is divided by 9?
7
Let b = -6 - -21. Let k = 28 - b. Let h = 84 + -47. Calculate the remainder when h is divided by k.
11
Let g(y) = y**2 + 8*y + 34. What is the remainder when 203 is divided by g(-8)?
33
Suppose -22 - 3 = -5*r. Let o = r + -1. What is the remainder when ((-2)/o)/(2/(-180)) is divided by 12?
9
Suppose -4*d - 180 - 212 = 0. Let q = -58 - d. Suppose w + w = 28. What is the remainder when q is divided by w?
12
Let g(t) = 11*t + 14. Let a be g(-6). Let k be -1*1*33*-3. Let y = a + k. Calculate the remainder when y is divided by 16.
15
Suppose -18 = -3*a + 42. What is the remainder when 23 is divided by (1 - -5)*a/15?
7
Let z(m) = 2*m**2 + 2*m + 1. Let h be z(-1). What is the remainder when 24 is divided by (h*26)/(6/3)?
11
Let n(w) be the third derivative of w**5/30 - w**4/12 - w**3/6 + 2*w**2. Calculate the remainder when n(-5) is divided by 20.
19
Let a(l) = -l**2 + 10*l - 5. Let g be a(5). Let k = g + -3. Suppose -12*o + 198 = -9*o. What is the remainder when o is divided by k?
15
Suppose 5*c + 4*y - 91 = 0, y + 3*y = -c + 31. Calculate the remainder when 57 is divided by c.
12
Let j = 50 - 39. Calculate the remainder when 63 is divided by j.
8
Suppose 24 = -4*h - 8. Let x = 9 - h. Let k(i) = i**2 + 3*i - 7. What is the remainder when k(-8) is divided by x?
16
Let y(o) be the second derivative of -o**4/12 + 5*o**3/6 + 2*o**2 + 3*o. Suppose 0 = r - 3 - 0. Calculate the remainder when 19 is divided by y(r).
9
Let v(z) = 25*z**3 - 3*z**2 + z + 1. What is the remainder when 47 is divided by v(1)?
23
Let v = 5 + -2. Let l be (-2)/(-2)*(6 - v). Suppose l*g + 3*n = 78, -2*g + g + 4*n + 31 = 0. Calculate the remainder when g is divided by 7.
6
Let w(y) = 2 + 0*y + y**2 + 0*y - 3*y. Suppose -4*c - 1 = -3*q - 17, 5*c - 47 = -3*q. What is the remainder when w(6) is divided by c?
6
Let k = 22 - 10. What is the remainder when 22 is divided by k?
10
Suppose 16 + 95 = 3*p. Let a = p + -25. What is the remainder when 22 is divided by a?
10
Let p(l) = 2*l**2 - l + 1. Let j(v) be the third derivative of -5*v**4/8 + v**3/6 - 5*v**2. What is the remainder when j(-2) is divided by p(-2)?
9
Let c = -14 + 23. What is the remainder when 36 is divided by (-3)/c - (-174)/9?
17
Let y = -17 + 41. What is the remainder when y is divided by 13?
11
Let k(n) = -n**3 + 7*n**2 + 13*n + 6. Calculate the remainder when k(8) is divided by 15.
1
Suppose 0*z + 125 = 5*z. What is the remainder when 64 is divided by z?
14
Let i(r) = 6*r - 6. Let w be i(7). Suppose t + 2*t = w. What is the remainder when 21 is divided by t?
9
Let b = -1 + 15. Let t = -14 + 55. What is the remainder when t is divided by b?
13
Let j be (-1)/2 + 1/2. Suppose 0 = 3*p + l - 6*l - 20, j = 2*p - 3*l - 12. Let w(s) = s**3 + s + 10. What is the remainder when 18 is divided by w(p)?
8
Suppose 4*u - 85 = -9. Let o(j) be the second derivative of -j**5/20 - j**4/2 - j**3 + j**2 - 4*j. Calculate the remainder when u is divided by o(-5).
5
Let w be 0*(-2 - 6/(-4)). Let b(x) = -x**2 - x. Let p(f) = -f**3 + f**2 + f + 10. Let z(k) = b(k) + p(k). What is the remainder when z(w) is divided by 4?
2
Let p = -286 - -421. Calculate the remainder when p is divided by 46.
43
Let p(r) = r**2 + 5*r - 2. Let v be p(-8). Let q be 60/33 - (-4)/v. Suppose 0 = -2*i - 6, -q*l + i + 73 = -0*i. Calculate the remainder when l is divided by 12.
11
Let z = -8 - -4. What is the remainder when (14/4)/((-1)/(-10)) is divided by 3/4 - 45/z?
11
Let g(w) = w + 1. Let z be g(-2). Let m be z + -1 - -4*8. Suppose -6*b + 3*b = -m. What is the remainder when 29 is divided by b?
9
Let q(w) = -w**2 + 31*w - 24. What is the remainder when q(13) is divided by 53?
51
Let k = -119 - -230. What is the remainder when k is divided by 7?
6
Let b(z) = -z**3 - z**2 + 5*z + 81. What is the remainder when b(0) is divided by 7?
4
Suppose u - 27 = a, 85 = 3*u - 0*u - 5*a. What is the remainder when 43 is divided by u?
18
Suppose 5*f + 1 = -z - 0*z, -4*z - 5*f = -41. Calculate the remainder when z is divided by 8.
6
Suppose 6*n - 5*n - 26 = 0. Suppose 0 = -2*l + 10. Suppose 24 + n = l*w. What is the remainder when 28 is divided by w?
8
Let k = 37 - 27. What is the remainder when 29 is divided by k?
9
Suppose z = -4*z + 25, -b + 2*z + 5 = 0. What is the remainder when b is divided by 8?
7
Let i = 102 - 33. What is the remainder when i is divided by 18?
15
Let v = 49 + -46. Suppose 40 = 3*n + 7. Calculate the remainder when n is divided by v.
2
Let q(y) = -y**2 - 27*y - 31. Calculate the remainder when q(-25) is divided by 11.
8
Let d be 6/(-15) - 3/5. Let b = 2 - -9. What is the remainder when b is divided by (1*-5 - d)*-1?
3
Suppose 0 = -5*b + 3*q + 32, 8 = 3*b - 5*q - 24. Calculate the remainder when 19 is divided by b.
3
Let l = 23 + -8. Let m = 148 - 256. Let i = m + 152. Calculate the remainder when i is divided by l.
14
Suppose 3*g + 0*g - 6 = 0. Suppose -77 = -5*j - 0*b - 4*b, 4*j - 58 = -g*b. What is the remainder when (-9 + (-2)/2)*65/(-26) is divided by j?
12
Suppose 68 = 2*l - 4*r, 2*l + 3*r - 9 = l. Calculate the remainder when l is divided by 14.
10
Let z(l) = -2*l**2 + 5*l**2 - 4*l**2 + l + 14*l**3. Let g be z(1). Let q = g - 2. What is the remainder when 34 is divided by q?
10
Suppose -16 = -h - 14. Calculate the remainder when 6/27 + (-237)/(-27) is divided by h.
1
Let z(k) = k**2 - k + 16. Calculate the remainder when 77 is divided by z(0).
13
Let r = -21 + 121. Suppose 0 = m - 4*m + 33. What is the remainder when m is divided by 4/26 + r/26?
3
Suppose x + 4*l - l = 11, -2*x - l + 32 = 0. What is the remainder when 33 is divided by x?
16
Let b = 26 - 36. Let x be 2/((b/8)/5). Calculate the remainder when 34 is divided by 1/4 + (-94)/x.
10
Suppose 2*u = d - 3*d + 34, -73 = -5*u + d. Calculate the remainder when 8 is divided by (-15 - 0)*(-5)/u.
3
Suppose 0*i = -i + 5. Suppose 5 = c, -5*c + 38 = 3*g - 2. Suppose g*k + 18 = 63. What is the remainder when k is divided by i?
4
Let n(f) = -f**2 + 6*f + 8. Let c = 7 + -1. What is the remainder when 23 is divided by n(c)?
7
Suppose 2*w = 3*w + 7. Let n(v) = -v**2 - 7*v + 3. Let g be n(w). Suppose -g*d = 8 - 26. What is the remainder when 16 is divided by d?
4
Let p(o) = -o**2 + 11*o - 2. Let g be p(8). Suppose g - 162 = -5*l. Calculate the remainder when l is divided by (3/(-6) + 3)*6.
13
Suppose h - 5*h + 2*x = -28, 4*h + 4*x = 4. What is the remainder when 14 is divided by h?
4
What is the remainder when 5 is divided by ((-33)/12 - -3)*12?
2
Suppose -6*k = -569 - 133. Calculate the remainder when k is divided by 24.
21
Let a(c) = c + 7. Let k be a(-3). Let h be -5*(0 - k/(-5)). Let r = 21 + h. What is the remainder when r is divided by 6?
5
Let u be ((0 - -2) + -1)*-1. What is the remainder when (u - (16 - 2))/(-1) is divided by 8?
7
Let g = 15 + -1. Suppose -2*n + 8 = -g. Let c(v) = -v**3 + 13*v**2 - 8*v - 17. What is the remainder when c(12) is divided by n?
9
Let r be (-30)/(8/(-6) - -1). Suppose 3*w - r = w. Suppose 4*i - w - 11 = 0. Calculate the remainder when 40 is divided by i.
12
Suppose 11 + 37 = 4*c. Suppose -q + 2*y + 33 = 0, -4*q + 66 = -2*q - 5*y. Calculate the remainder when q is divided by c.
9
Let c be 51 + (-1 - (1 - 3)). Suppose -5*n + c = -3*b, -3*n - 4*b = n - 16. Let t(s) = -s**3 + 7*s**2 + 9*s. What is the remainder when 31 is divided by t(n)?
7
Let o(x) = 15*x. Let c be o(5). Suppose -2*j - j + c = 0. Calculate the remainder when j is divided by (-9)/(-12)*4*3.
7
Let b(w) = -w**2 + 6*w + 2. Let y = -4 + 11. Let x(t) = 2*t**2 - 8*t - 10. Calculate the remainder when x(y) is divided by b(3).
10
Suppose -i = -15*i + 1484. What is the remainder when i is divided by 22?
18
Let s = -33 - -51. Calculate the remainder when 47 is divided by s.
11
Let v(y) = 7*y**3. Suppose 5*a + 70 = 5*m - 45, 3*m = -3*a + 39. What is the remainder when m is divided by v(1)?
4
Let l(m) = 5*m + 30. What is the remainder when l(9) is divided by 27?
21
Let h(y) = 8*y - 2. Suppose -5 = -3*c + 4. Suppose c*b = b + 54. What is the remainder when b is divided by h(2)?
1